{"id":185,"date":"2022-09-12T11:01:11","date_gmt":"2022-09-12T11:01:11","guid":{"rendered":"https:\/\/www.cemep.com.ar\/clinica\/institucional-quienes-somos\/"},"modified":"2024-07-22T22:43:46","modified_gmt":"2024-07-22T22:43:46","slug":"institucional-quienes-somos","status":"publish","type":"page","link":"https:\/\/www.cemep.com.ar\/clinica\/institucional-quienes-somos\/","title":{"rendered":"Institucional &#8211; Quienes Somos"},"content":{"rendered":"<div data-colibri-id=\"185-c1\" class=\"style-559 style-local-185-c1 position-relative\">\n  <!---->\n  <div data-colibri-component=\"section\" data-colibri-id=\"185-c2\" id=\"custom\" class=\"h-section h-section-global-spacing d-flex align-items-lg-center align-items-md-center align-items-center style-562 style-local-185-c2 position-relative\">\n    <!---->\n    <!---->\n    <div class=\"h-section-grid-container h-section-fluid-container\">\n      <!---->\n      <div data-colibri-id=\"185-c3\" class=\"h-row-container gutters-row-lg-2 gutters-row-md-2 gutters-row-0 gutters-row-v-lg-2 gutters-row-v-md-2 gutters-row-v-2 style-563 style-local-185-c3 position-relative\">\n        <!---->\n        <div class=\"h-row justify-content-lg-center justify-content-md-center justify-content-center align-items-lg-stretch align-items-md-stretch align-items-stretch gutters-col-lg-2 gutters-col-md-2 gutters-col-0 gutters-col-v-lg-2 gutters-col-v-md-2 gutters-col-v-2\">\n          <!---->\n          <div class=\"h-column h-column-container d-flex h-col-lg-auto h-col-md-auto h-col-auto style-564-outer style-local-185-c4-outer\">\n            <div data-colibri-id=\"185-c4\" class=\"d-flex h-flex-basis h-column__inner h-px-lg-2 h-px-md-2 h-px-2 v-inner-lg-2 v-inner-md-2 v-inner-2 style-564 style-local-185-c4 position-relative\">\n              <!---->\n              <!---->\n              <div class=\"w-100 h-y-container h-column__content h-column__v-align flex-basis-100 align-self-lg-start align-self-md-start align-self-start\">\n                <!---->\n                <div data-colibri-id=\"185-c5\" class=\"h-global-transition-all h-heading style-565 style-local-185-c5 position-relative h-element\">\n                  <!---->\n                  <div class=\"h-heading__outer style-565 style-local-185-c5\">\n                    <!---->\n                    <!---->\n                    <h1 class=\"\">Quienes Somos<\/h1>\n                  <\/div>\n                <\/div>\n                <div data-colibri-id=\"185-c6\" class=\"h-divider style-568 style-local-185-c6 position-relative h-element\">\n                  <!----><span class=\"h-divider__line style-568-line style-local-185-c6-line style-568-line style-local-185-c6-line\"><\/span><\/div>\n                <div data-colibri-id=\"185-c7\" class=\"h-global-transition-all h-heading style-569 style-local-185-c7 position-relative h-element\">\n                  <!---->\n                  <div class=\"h-heading__outer style-569 style-local-185-c7\">\n                    <!---->\n                    <!---->\n                    <h2 class=\"\">Bienvenidos a CEMeP<\/h2>\n                  <\/div>\n                <\/div>\n                <div data-colibri-id=\"185-c8\" class=\"h-text h-text-component style-566 style-local-185-c8 position-relative h-element\">\n                  <!---->\n                  <!---->\n                  <div class=\"\">\n                    <p>En el a\u00f1o 1994 como testimonio del compromiso para con nuestra comunidad de los m\u00e9dicos pediatras Francisco H\u00e9ctor De Bello por aquel entonces Jefe del Servicio de Pediatr\u00eda del Hospital Regional de R\u00edo Grande, Alejandro Ciovini, pediatra\n                      del mismo Hospital, y Juan Casal, m\u00e9dico pediatra dedicado a la actividad privada, el 11 de abril CEMeP\u2013 Centro M\u00e9dico de Especialidades Pedi\u00e1tricas, inaugur\u00f3 su primer centro de asistencia, dedicado exclusivamente a la pediatr\u00eda.<\/p>\n                    <p>Estos pioneros de la medicina privada local ten\u00edan en com\u00fan altos ideales personales y una actitud b\u00e1sica de servicio al pr\u00f3jimo.\n                      <br>A tal fin alquilaron y remodelaron un inmueble de calle San Mart\u00edn al 600, de estructura peque\u00f1a y algo precaria.\n                      <br>A cuatro meses del inicio fallece el Dr. Juan Casal, inestimable p\u00e9rdida personal y profesional por la que debieron reformular la asistencia sin su valioso aporte.<\/p>\n                    <p>La principal preocupaci\u00f3n de aquel conjunto de profesionales m\u00e9dicos, fue generar una instituci\u00f3n din\u00e1mica, capaz de superar las limitaciones propias del ejercicio individual y hospitalario de la medicina, con el fin de elevar la calidad\n                      de la atenci\u00f3n m\u00e9dica que recib\u00eda la poblaci\u00f3n y su salud en general. Marcaron sin dudas un concepto innovador en calidad y dedicaci\u00f3n.<\/p>\n                    <p>En coherencia con ese esp\u00edritu fundacional, empecinados, trabajando m\u00e1s de doce horas por d\u00eda, los siete d\u00edas semanales, fueron creciendo institucionalmente. Pr\u00e1cticamente todas sus ganancias eran invertidas en equipamiento. \u00c9sta fue\n                      la primera inversi\u00f3n y el primer eslab\u00f3n para los sucesivos emprendimientos de CEMeP.<\/p>\n                    <p>A comienzos de 1997 la demanda de pacientes era muy grande, preocupados por esto se proyecta la construcci\u00f3n de un edificio propio, pensando en la mayor comodidad del paciente. Se decide la ampliaci\u00f3n de servicios a todas las especialidades\n                      m\u00e9dicas, incluyendo adultos. Se encomienda la construcci\u00f3n a la Empresa Constructora Coccaro Hnos., la que en un tiempo record de seis meses, puso a disposici\u00f3n de CEMeP el nuevo edificio, dise\u00f1ado \u00edntegramente de conformidad con\n                      par\u00e1metros de arquitectura e ingenier\u00eda de avanzada.\n                      <br>\n                    <\/p>\n                    <p>Se sumaron a este nuevo emprendimiento muchos m\u00e9dicos de distintas especialidades que pusieron su inestimable trabajo profesional y conocimiento cient\u00edfico al servicio del paciente. El 4 de julio abre sus puertas, en la calle 20 de\n                      junio 815 de la ciudad de R\u00edo Grande el nuevo CEMeP Centro de Especialidades M\u00e9dicas Privada.<\/p>\n                    <p>En el a\u00f1o 2006 sobrevinieron tiempos dif\u00edciles, hubo etapas de administraci\u00f3n tendiente a paliar la turbulencia econ\u00f3mica nacional. A fin de superar la crisis institucional que se presentaba, se reformula la conducci\u00f3n de CEMeP.<\/p>\n                    <p>Preocupados por la situaci\u00f3n que se viv\u00eda en la salud de Rio Grande, MIF \u2013Medicina Integral Fueguina. Toma en sus manos la administraci\u00f3n de la Cl\u00ednica para ayudarla en la dif\u00edcil situaci\u00f3n que se encontraba.<\/p>\n                    <p>Es aqu\u00ed que gracias al gran esfuerzo de la direcci\u00f3n m\u00e9dica de la cl\u00ednica, que pone en sus manos tanto la organizaci\u00f3n, como la administraci\u00f3n general de la misma. Logra en el a\u00f1o 2009 empezar a ver los frutos de su esfuerzo.<\/p>\n                    <p>En el a\u00f1o 2010 la instituci\u00f3n comienza un crecimiento a gran ritmo, tanto en materia profesional como de equipamiento m\u00e9dico de \u00faltima generaci\u00f3n, para darle a la Ciudad de R\u00edo Grande la atenci\u00f3n y calidad que se merece en materia\n                      de salud.<\/p>\n                  <\/div>\n                <\/div>\n                <div data-colibri-id=\"185-c9\" class=\"h-text h-text-component style-570 style-local-185-c9 position-relative h-element\">\n                  <!---->\n                  <!---->\n                  <div class=\"\">\n                    <p>\u00abCrecimiento continuo para brindar un servicio integral de excelencia\u00bb<\/p>\n                  <\/div>\n                <\/div>\n              <\/div>\n            <\/div>\n          <\/div>\n        <\/div>\n      <\/div>\n    <\/div>\n  <\/div>\n<\/div>","protected":false},"excerpt":{"rendered":"<p>Quienes Somos Bienvenidos a CEMeP En el a\u00f1o 1994 como testimonio del compromiso para con nuestra comunidad de los m\u00e9dicos pediatras Francisco H\u00e9ctor De Bello por aquel entonces Jefe del Servicio de Pediatr\u00eda del Hospital Regional de R\u00edo Grande, Alejandro Ciovini, pediatra del mismo Hospital, y Juan Casal, m\u00e9dico pediatra dedicado a la actividad privada, [&hellip;]<\/p>\n","protected":false},"author":1,"featured_media":0,"parent":0,"menu_order":0,"comment_status":"closed","ping_status":"closed","template":"page-templates\/full-width-page.php","meta":{"footnotes":""},"class_list":["post-185","page","type-page","status-publish","hentry"],"_links":{"self":[{"href":"https:\/\/www.cemep.com.ar\/clinica\/wp-json\/wp\/v2\/pages\/185","targetHints":{"allow":["GET"]}}],"collection":[{"href":"https:\/\/www.cemep.com.ar\/clinica\/wp-json\/wp\/v2\/pages"}],"about":[{"href":"https:\/\/www.cemep.com.ar\/clinica\/wp-json\/wp\/v2\/types\/page"}],"author":[{"embeddable":true,"href":"https:\/\/www.cemep.com.ar\/clinica\/wp-json\/wp\/v2\/users\/1"}],"replies":[{"embeddable":true,"href":"https:\/\/www.cemep.com.ar\/clinica\/wp-json\/wp\/v2\/comments?post=185"}],"version-history":[{"count":11,"href":"https:\/\/www.cemep.com.ar\/clinica\/wp-json\/wp\/v2\/pages\/185\/revisions"}],"predecessor-version":[{"id":3368,"href":"https:\/\/www.cemep.com.ar\/clinica\/wp-json\/wp\/v2\/pages\/185\/revisions\/3368"}],"wp:attachment":[{"href":"https:\/\/www.cemep.com.ar\/clinica\/wp-json\/wp\/v2\/media?parent=185"}],"curies":[{"name":"wp","href":"https:\/\/api.w.org\/{rel}","templated":true}]}}

<div data-colibri-id="185-c1" class="style-559 style-local-185-c1 position-relative">
  <!---->
  <div data-colibri-component="section" data-colibri-id="185-c2" id="custom" class="h-section h-section-global-spacing d-flex align-items-lg-center align-items-md-center align-items-center style-562 style-local-185-c2 position-relative">
    <!---->
    <!---->
    <div class="h-section-grid-container h-section-fluid-container">
      <!---->
      <div data-colibri-id="185-c3" class="h-row-container gutters-row-lg-2 gutters-row-md-2 gutters-row-0 gutters-row-v-lg-2 gutters-row-v-md-2 gutters-row-v-2 style-563 style-local-185-c3 position-relative">
        <!---->
        <div class="h-row justify-content-lg-center justify-content-md-center justify-content-center align-items-lg-stretch align-items-md-stretch align-items-stretch gutters-col-lg-2 gutters-col-md-2 gutters-col-0 gutters-col-v-lg-2 gutters-col-v-md-2 gutters-col-v-2">
          <!---->
          <div class="h-column h-column-container d-flex h-col-lg-auto h-col-md-auto h-col-auto style-564-outer style-local-185-c4-outer">
            <div data-colibri-id="185-c4" class="d-flex h-flex-basis h-column__inner h-px-lg-2 h-px-md-2 h-px-2 v-inner-lg-2 v-inner-md-2 v-inner-2 style-564 style-local-185-c4 position-relative">
              <!---->
              <!---->
              <div class="w-100 h-y-container h-column__content h-column__v-align flex-basis-100 align-self-lg-start align-self-md-start align-self-start">
                <!---->
                <div data-colibri-id="185-c5" class="h-global-transition-all h-heading style-565 style-local-185-c5 position-relative h-element">
                  <!---->
                  <div class="h-heading__outer style-565 style-local-185-c5">
                    <!---->
                    <!---->
                    <h1 class="">Quienes Somos</h1>
                  </div>
                </div>
                <div data-colibri-id="185-c6" class="h-divider style-568 style-local-185-c6 position-relative h-element">
                  <!----><span class="h-divider__line style-568-line style-local-185-c6-line style-568-line style-local-185-c6-line"></span></div>
                <div data-colibri-id="185-c7" class="h-global-transition-all h-heading style-569 style-local-185-c7 position-relative h-element">
                  <!---->
                  <div class="h-heading__outer style-569 style-local-185-c7">
                    <!---->
                    <!---->
                    <h2 class="">Bienvenidos a CEMeP</h2>
                  </div>
                </div>
                <div data-colibri-id="185-c8" class="h-text h-text-component style-566 style-local-185-c8 position-relative h-element">
                  <!---->
                  <!---->
                  <div class="">
                    <p>En el año 1994 como testimonio del compromiso para con nuestra comunidad de los médicos pediatras Francisco Héctor De Bello por aquel entonces Jefe del Servicio de Pediatría del Hospital Regional de Río Grande, Alejandro Ciovini, pediatra
                      del mismo Hospital, y Juan Casal, médico pediatra dedicado a la actividad privada, el 11 de abril CEMeP– Centro Médico de Especialidades Pediátricas, inauguró su primer centro de asistencia, dedicado exclusivamente a la pediatría.</p>
                    <p>Estos pioneros de la medicina privada local tenían en común altos ideales personales y una actitud básica de servicio al prójimo.
                      <br>A tal fin alquilaron y remodelaron un inmueble de calle San Martín al 600, de estructura pequeña y algo precaria.
                      <br>A cuatro meses del inicio fallece el Dr. Juan Casal, inestimable pérdida personal y profesional por la que debieron reformular la asistencia sin su valioso aporte.</p>
                    <p>La principal preocupación de aquel conjunto de profesionales médicos, fue generar una institución dinámica, capaz de superar las limitaciones propias del ejercicio individual y hospitalario de la medicina, con el fin de elevar la calidad
                      de la atención médica que recibía la población y su salud en general. Marcaron sin dudas un concepto innovador en calidad y dedicación.</p>
                    <p>En coherencia con ese espíritu fundacional, empecinados, trabajando más de doce horas por día, los siete días semanales, fueron creciendo institucionalmente. Prácticamente todas sus ganancias eran invertidas en equipamiento. Ésta fue
                      la primera inversión y el primer eslabón para los sucesivos emprendimientos de CEMeP.</p>
                    <p>A comienzos de 1997 la demanda de pacientes era muy grande, preocupados por esto se proyecta la construcción de un edificio propio, pensando en la mayor comodidad del paciente. Se decide la ampliación de servicios a todas las especialidades
                      médicas, incluyendo adultos. Se encomienda la construcción a la Empresa Constructora Coccaro Hnos., la que en un tiempo record de seis meses, puso a disposición de CEMeP el nuevo edificio, diseñado íntegramente de conformidad con
                      parámetros de arquitectura e ingeniería de avanzada.
                      <br>
                    </p>
                    <p>Se sumaron a este nuevo emprendimiento muchos médicos de distintas especialidades que pusieron su inestimable trabajo profesional y conocimiento científico al servicio del paciente. El 4 de julio abre sus puertas, en la calle 20 de
                      junio 815 de la ciudad de Río Grande el nuevo CEMeP Centro de Especialidades Médicas Privada.</p>
                    <p>En el año 2006 sobrevinieron tiempos difíciles, hubo etapas de administración tendiente a paliar la turbulencia económica nacional. A fin de superar la crisis institucional que se presentaba, se reformula la conducción de CEMeP.</p>
                    <p>Preocupados por la situación que se vivía en la salud de Rio Grande, MIF –Medicina Integral Fueguina. Toma en sus manos la administración de la Clínica para ayudarla en la difícil situación que se encontraba.</p>
                    <p>Es aquí que gracias al gran esfuerzo de la dirección médica de la clínica, que pone en sus manos tanto la organización, como la administración general de la misma. Logra en el año 2009 empezar a ver los frutos de su esfuerzo.</p>
                    <p>En el año 2010 la institución comienza un crecimiento a gran ritmo, tanto en materia profesional como de equipamiento médico de última generación, para darle a la Ciudad de Río Grande la atención y calidad que se merece en materia
                      de salud.</p>
                  </div>
                </div>
                <div data-colibri-id="185-c9" class="h-text h-text-component style-570 style-local-185-c9 position-relative h-element">
                  <!---->
                  <!---->
                  <div class="">
                    <p>«Crecimiento continuo para brindar un servicio integral de excelencia»</p>
                  </div>
                </div>
              </div>
            </div>
          </div>
        </div>
      </div>
    </div>
  </div>
</div>

<p>Quienes Somos Bienvenidos a CEMeP En el año 1994 como testimonio del compromiso para con nuestra comunidad de los médicos pediatras Francisco Héctor De Bello por aquel entonces Jefe del Servicio de Pediatría del Hospital Regional de Río Grande, Alejandro Ciovini, pediatra del mismo Hospital, y Juan Casal, médico pediatra dedicado a la actividad privada, [&hellip;]</p>
