{"id":1257,"date":"2022-10-05T06:34:39","date_gmt":"2022-10-05T06:34:39","guid":{"rendered":"https:\/\/www.cemep.com.ar\/clinica\/laboratorio\/"},"modified":"2024-01-12T07:26:29","modified_gmt":"2024-01-12T07:26:29","slug":"laboratorio","status":"publish","type":"page","link":"https:\/\/www.cemep.com.ar\/clinica\/laboratorio\/","title":{"rendered":"Laboratorio"},"content":{"rendered":"<div data-colibri-id=\"1257-c1\" class=\"style-1367 style-local-1257-c1 position-relative\">\n  <!---->\n  <div data-colibri-component=\"section\" data-colibri-id=\"1257-c2\" id=\"reusable-sections\" class=\"h-section h-section-global-spacing d-flex align-items-lg-center align-items-md-center align-items-center style-2171 style-local-1257-c2 position-relative\">\n    <div class=\"background-wrapper\">\n      <div class=\"background-layer background-layer-media-container-lg\">\n        <!---->\n      <\/div>\n      <div class=\"background-layer background-layer-media-container-md\">\n        <!---->\n        <div class=\"overlay-layer\">\n          <div class=\"overlay-image-layer\" style=\"background-color: rgb(39, 71, 125); opacity: 0.5;\"><\/div>\n        <\/div>\n      <\/div>\n      <div class=\"background-layer background-layer-media-container\">\n        <!---->\n        <div class=\"overlay-layer\">\n          <div class=\"overlay-image-layer\" style=\"background-color: rgb(39, 71, 125); opacity: 0.5;\"><\/div>\n        <\/div>\n      <\/div>\n    <\/div>\n    <!---->\n    <div class=\"h-section-grid-container h-section-boxed-container\">\n      <!---->\n      <div data-colibri-id=\"1257-c3\" class=\"h-row-container gutters-row-lg-2 gutters-row-md-2 gutters-row-0 gutters-row-v-lg-2 gutters-row-v-md-2 gutters-row-v-2 style-2172 style-local-1257-c3 position-relative\">\n        <!---->\n        <div class=\"h-row justify-content-lg-center justify-content-md-center justify-content-center align-items-lg-stretch align-items-md-stretch align-items-stretch gutters-col-lg-2 gutters-col-md-2 gutters-col-0 gutters-col-v-lg-2 gutters-col-v-md-2 gutters-col-v-2\">\n          <!---->\n          <div class=\"h-column h-column-container d-flex h-col-lg-auto h-col-md-auto h-col-auto style-2173-outer style-local-1257-c4-outer\">\n            <div data-colibri-id=\"1257-c4\" class=\"d-flex h-flex-basis h-column__inner h-px-lg-2 h-px-md-2 h-px-2 v-inner-lg-2 v-inner-md-2 v-inner-2 style-2173 style-local-1257-c4 position-relative\">\n              <!---->\n              <!---->\n              <div class=\"w-100 h-y-container h-column__content h-column__v-align flex-basis-100 align-self-lg-start align-self-md-start align-self-start\">\n                <!---->\n                <div data-colibri-id=\"1257-c5\" class=\"h-global-transition-all h-heading style-2175 style-local-1257-c5 position-relative h-element\">\n                  <!---->\n                  <div class=\"h-heading__outer style-2175 style-local-1257-c5\">\n                    <!---->\n                    <!---->\n                    <h1 class=\"\">Nueva Era en\n                      <br>Diagn\u00f3stico<\/h1>\n                  <\/div>\n                <\/div>\n              <\/div>\n            <\/div>\n          <\/div>\n        <\/div>\n      <\/div>\n    <\/div>\n  <\/div>\n  <div data-colibri-component=\"section\" data-colibri-id=\"1257-c6\" id=\"custom\" class=\"h-section h-section-global-spacing d-flex align-items-lg-center align-items-md-center align-items-center style-1396 style-local-1257-c6 position-relative\">\n    <!---->\n    <!---->\n    <div class=\"h-section-grid-container h-section-boxed-container\">\n      <!---->\n      <div data-colibri-id=\"1257-c7\" class=\"h-row-container gutters-row-lg-2 gutters-row-md-2 gutters-row-0 gutters-row-v-lg-2 gutters-row-v-md-2 gutters-row-v-2 style-1402 style-local-1257-c7 position-relative\">\n        <!---->\n        <div class=\"h-row justify-content-lg-center justify-content-md-center justify-content-center align-items-lg-stretch align-items-md-stretch align-items-stretch gutters-col-lg-2 gutters-col-md-2 gutters-col-0 gutters-col-v-lg-2 gutters-col-v-md-2 gutters-col-v-2\">\n          <!---->\n          <div class=\"h-column h-column-container d-flex h-col-lg-auto h-col-md-auto h-col-auto style-1403-outer style-local-1257-c8-outer\">\n            <div data-colibri-id=\"1257-c8\" class=\"d-flex h-flex-basis h-column__inner h-px-lg-2 h-px-md-2 h-px-2 v-inner-lg-2 v-inner-md-2 v-inner-2 style-1403 style-local-1257-c8 position-relative\">\n              <!---->\n              <!---->\n              <div class=\"w-100 h-y-container h-column__content h-column__v-align flex-basis-100 align-self-lg-start align-self-md-start align-self-start\">\n                <!---->\n                <div data-colibri-id=\"1257-c9\" class=\"h-global-transition-all h-heading style-1404 style-local-1257-c9 position-relative h-element\">\n                  <!---->\n                  <div class=\"h-heading__outer style-1404 style-local-1257-c9\">\n                    <!---->\n                    <!---->\n                    <h4 class=\"\">Nuestro nuevo servicio robotizado est\u00e1 compuesto por:<\/h4>\n                  <\/div>\n                <\/div>\n              <\/div>\n            <\/div>\n          <\/div>\n        <\/div>\n      <\/div>\n      <div data-colibri-id=\"1257-c10\" class=\"h-row-container gutters-row-lg-2 gutters-row-md-2 gutters-row-0 gutters-row-v-lg-2 gutters-row-v-md-2 gutters-row-v-2 style-1397 style-local-1257-c10 position-relative\">\n        <!---->\n        <div class=\"h-row justify-content-lg-center justify-content-md-center justify-content-center align-items-lg-stretch align-items-md-stretch align-items-stretch gutters-col-lg-2 gutters-col-md-2 gutters-col-0 gutters-col-v-lg-2 gutters-col-v-md-2 gutters-col-v-2\">\n          <!---->\n          <div class=\"h-column h-column-container d-flex h-col-lg-6 h-col-md-6 h-col-12 style-1398-outer style-local-1257-c11-outer\">\n            <div data-colibri-id=\"1257-c11\" class=\"d-flex h-flex-basis h-column__inner h-px-lg-2 h-px-md-2 h-px-2 v-inner-lg-2 v-inner-md-2 v-inner-2 style-1398 style-local-1257-c11 position-relative\">\n              <!---->\n              <!---->\n              <div class=\"w-100 h-y-container h-column__content h-column__v-align flex-basis-100 align-self-lg-start align-self-md-start align-self-start\">\n                <!---->\n                <div data-colibri-id=\"1257-c12\" class=\"h-global-transition-all h-heading style-1405 style-local-1257-c12 position-relative h-element\">\n                  <!---->\n                  <div class=\"h-heading__outer style-1405 style-local-1257-c12\">\n                    <!---->\n                    <!---->\n                    <h5 class=\"\">Wiener Lab Lis V.S<\/h5>\n                  <\/div>\n                <\/div>\n                <div data-colibri-id=\"1257-c13\" class=\"h-text h-text-component style-1406 style-local-1257-c13 position-relative h-element\">\n                  <!---->\n                  <!---->\n                  <div class=\"\">\n                    <p>Flexibilidad y poder de parametrizacion , software abierto que puede integrarse con instrumentos de cualquier fabricantes con c\u00f3digos de barras , cada n\u00famero es un paciente.<\/p>\n                  <\/div>\n                <\/div>\n              <\/div>\n            <\/div>\n          <\/div>\n          <div class=\"h-column h-column-container d-flex h-col-lg-6 h-col-md-6 h-col-12 style-1401-outer style-local-1257-c14-outer\">\n            <div data-colibri-id=\"1257-c14\" class=\"d-flex h-flex-basis h-column__inner h-px-lg-2 h-px-md-2 h-px-2 v-inner-lg-2 v-inner-md-2 v-inner-2 style-1401 style-local-1257-c14 position-relative\">\n              <!---->\n              <!---->\n              <div class=\"w-100 h-y-container h-column__content h-column__v-align flex-basis-100 align-self-lg-start align-self-md-start align-self-start\">\n                <!---->\n                <div data-colibri-id=\"1257-c15\" class=\"h-global-transition-all h-heading style-1405 style-local-1257-c15 position-relative h-element\">\n                  <!---->\n                  <div class=\"h-heading__outer style-1405 style-local-1257-c15\">\n                    <!---->\n                    <!---->\n                    <h5 class=\"\">COBAS E411<\/h5>\n                  <\/div>\n                <\/div>\n                <div data-colibri-id=\"1257-c16\" class=\"h-text h-text-component style-1409 style-local-1257-c16 position-relative h-element\">\n                  <!---->\n                  <!---->\n                  <div class=\"\">\n                    <p>Equipo quimioluminiscencia de alta complejidad que permite el procesamiento de hormonas de serolog\u00eda y marcadores tumorales.<\/p>\n                  <\/div>\n                <\/div>\n              <\/div>\n            <\/div>\n          <\/div>\n          <div class=\"h-column h-column-container d-flex h-col-lg-6 h-col-md-6 h-col-12 style-1399-outer style-local-1257-c17-outer\">\n            <div data-colibri-id=\"1257-c17\" class=\"d-flex h-flex-basis h-column__inner h-px-lg-2 h-px-md-2 h-px-2 v-inner-lg-2 v-inner-md-2 v-inner-2 style-1399 style-local-1257-c17 position-relative\">\n              <!---->\n              <!---->\n              <div class=\"w-100 h-y-container h-column__content h-column__v-align flex-basis-100 align-self-lg-start align-self-md-start align-self-start\">\n                <!---->\n                <div data-colibri-id=\"1257-c18\" class=\"h-global-transition-all h-heading style-1405 style-local-1257-c18 position-relative h-element\">\n                  <!---->\n                  <div class=\"h-heading__outer style-1405 style-local-1257-c18\">\n                    <!---->\n                    <!---->\n                    <h5 class=\"\">Counter 19 Wiener Lab<\/h5>\n                  <\/div>\n                <\/div>\n                <div data-colibri-id=\"1257-c19\" class=\"h-text h-text-component style-1407 style-local-1257-c19 position-relative h-element\">\n                  <!---->\n                  <!---->\n                  <div class=\"\">\n                    <p>Analizador de 18 par\u00e1metros totalmente automatizado, compacto para el menor consumo de reactivos utilizando bajo volumen de muestras.<\/p>\n                    <p>Se procesan hasta 60 muestras por hora. Memoria de almacenamiento de 1500 pacientes<\/p>\n                    <p>\u25cf 2 c\u00e1maras de lecturas\n                      <br>\u25cf 18 par\u00e1metros , 3 histogramas : WBC , RBC , PLT\n                      <br>\u25cf WBC , RBC , HCT , MCV , MCH , MCHC, ROW, PLT, MPV , PLT , PDW\n                      <br>\u25cf LYM , MON , GRA<\/p>\n                  <\/div>\n                <\/div>\n              <\/div>\n            <\/div>\n          <\/div>\n          <div class=\"h-column h-column-container d-flex h-col-lg-6 h-col-md-6 h-col-12 style-1400-outer style-local-1257-c20-outer\">\n            <div data-colibri-id=\"1257-c20\" class=\"d-flex h-flex-basis h-column__inner h-px-lg-2 h-px-md-2 h-px-2 v-inner-lg-2 v-inner-md-2 v-inner-2 style-1400 style-local-1257-c20 position-relative\">\n              <!---->\n              <!---->\n              <div class=\"w-100 h-y-container h-column__content h-column__v-align flex-basis-100 align-self-lg-start align-self-md-start align-self-start\">\n                <!---->\n                <div data-colibri-id=\"1257-c21\" class=\"h-global-transition-all h-heading style-1405 style-local-1257-c21 position-relative h-element\">\n                  <!---->\n                  <div class=\"h-heading__outer style-1405 style-local-1257-c21\">\n                    <!---->\n                    <!---->\n                    <h5 class=\"\">CM 250<\/h5>\n                  <\/div>\n                <\/div>\n                <div data-colibri-id=\"1257-c22\" class=\"h-text h-text-component style-1408 style-local-1257-c22 position-relative h-element\">\n                  <!---->\n                  <!---->\n                  <div class=\"\">\n                    <p>M\u00e1s de 1000 laboratorios en Latinoam\u00e9rica tiene uno similar con nuevo dise\u00f1o y mas veloz (hasta 230 test\/hora) con la mejor red de soporte bioqu\u00edmico.<\/p>\n                    <p>El CM 250 incorpora soluciones que reducen al minino los tiempos de trabajo y mejoran la precisi\u00f3n de los resultados.<\/p>\n                  <\/div>\n                <\/div>\n              <\/div>\n            <\/div>\n          <\/div>\n        <\/div>\n      <\/div>\n    <\/div>\n  <\/div>\n  <div data-colibri-component=\"section\" data-colibri-id=\"1257-c23\" id=\"custom-2\" class=\"h-section h-section-global-spacing d-flex align-items-lg-center align-items-md-center align-items-center style-1410 style-local-1257-c23 position-relative\">\n    <!---->\n    <!---->\n    <div class=\"h-section-grid-container h-section-boxed-container\">\n      <!---->\n      <div data-colibri-id=\"1257-c24\" class=\"h-row-container gutters-row-lg-2 gutters-row-md-2 gutters-row-0 gutters-row-v-lg-2 gutters-row-v-md-2 gutters-row-v-2 style-1411 style-local-1257-c24 position-relative\">\n        <!---->\n        <div class=\"h-row justify-content-lg-center justify-content-md-center justify-content-center align-items-lg-stretch align-items-md-stretch align-items-stretch gutters-col-lg-2 gutters-col-md-2 gutters-col-0 gutters-col-v-lg-2 gutters-col-v-md-2 gutters-col-v-2\">\n          <!---->\n          <div class=\"h-column h-column-container d-flex h-col-lg-auto h-col-md-auto h-col-auto style-1412-outer style-local-1257-c25-outer\">\n            <div data-colibri-id=\"1257-c25\" class=\"d-flex h-flex-basis h-column__inner h-px-lg-2 h-px-md-2 h-px-2 v-inner-lg-2 v-inner-md-2 v-inner-2 style-1412 style-local-1257-c25 position-relative\">\n              <!---->\n              <!---->\n              <div class=\"w-100 h-y-container h-column__content h-column__v-align flex-basis-100 align-self-lg-start align-self-md-start align-self-start\">\n                <!---->\n                <div data-colibri-id=\"1257-c26\" class=\"h-global-transition-all h-heading style-1413 style-local-1257-c26 position-relative h-element\">\n                  <!---->\n                  <div class=\"h-heading__outer style-1413 style-local-1257-c26\">\n                    <!---->\n                    <!---->\n                    <h2 class=\"\">\u201cPorque un diagnostico preciso necesita resultados confiables\u201d<\/h2>\n                  <\/div>\n                <\/div>\n                <div data-colibri-id=\"1257-c27\" class=\"h-text h-text-component style-1416 style-local-1257-c27 position-relative h-element\">\n                  <!---->\n                  <!---->\n                  <div class=\"\">\n                    <p>Nuestro laboratorio est\u00e1 al servicio del paciente, brindando resultados confiables y facilitando informaci\u00f3n precisa que colabore con el diagnostico, seguimiento y prevenci\u00f3n de las enfermedades.<\/p>\n                  <\/div>\n                <\/div>\n              <\/div>\n            <\/div>\n          <\/div>\n        <\/div>\n      <\/div>\n    <\/div>\n  <\/div>\n<\/div>","protected":false},"excerpt":{"rendered":"<p>Nueva Era en Diagn\u00f3stico Nuestro nuevo servicio robotizado est\u00e1 compuesto por: Wiener Lab Lis V.S Flexibilidad y poder de parametrizacion , software abierto que puede integrarse con instrumentos de cualquier fabricantes con c\u00f3digos de barras , cada n\u00famero es un paciente. COBAS E411 Equipo quimioluminiscencia de alta complejidad que permite el procesamiento de hormonas de [&hellip;]<\/p>\n","protected":false},"author":1,"featured_media":0,"parent":0,"menu_order":0,"comment_status":"closed","ping_status":"closed","template":"page-templates\/full-width-page.php","meta":{"footnotes":""},"class_list":["post-1257","page","type-page","status-publish","hentry"],"_links":{"self":[{"href":"https:\/\/www.cemep.com.ar\/clinica\/wp-json\/wp\/v2\/pages\/1257","targetHints":{"allow":["GET"]}}],"collection":[{"href":"https:\/\/www.cemep.com.ar\/clinica\/wp-json\/wp\/v2\/pages"}],"about":[{"href":"https:\/\/www.cemep.com.ar\/clinica\/wp-json\/wp\/v2\/types\/page"}],"author":[{"embeddable":true,"href":"https:\/\/www.cemep.com.ar\/clinica\/wp-json\/wp\/v2\/users\/1"}],"replies":[{"embeddable":true,"href":"https:\/\/www.cemep.com.ar\/clinica\/wp-json\/wp\/v2\/comments?post=1257"}],"version-history":[{"count":11,"href":"https:\/\/www.cemep.com.ar\/clinica\/wp-json\/wp\/v2\/pages\/1257\/revisions"}],"predecessor-version":[{"id":2976,"href":"https:\/\/www.cemep.com.ar\/clinica\/wp-json\/wp\/v2\/pages\/1257\/revisions\/2976"}],"wp:attachment":[{"href":"https:\/\/www.cemep.com.ar\/clinica\/wp-json\/wp\/v2\/media?parent=1257"}],"curies":[{"name":"wp","href":"https:\/\/api.w.org\/{rel}","templated":true}]}}