{"id":1172,"date":"2022-10-04T21:34:03","date_gmt":"2022-10-04T21:34:03","guid":{"rendered":"https:\/\/www.cemep.com.ar\/clinica\/osmedica\/"},"modified":"2024-01-12T06:58:47","modified_gmt":"2024-01-12T06:58:47","slug":"osmedica","status":"publish","type":"page","link":"https:\/\/www.cemep.com.ar\/clinica\/osmedica\/","title":{"rendered":"Osmedica"},"content":{"rendered":"<div data-colibri-id=\"1172-c1\" class=\"style-1246 style-local-1172-c1 position-relative\">\n  <!---->\n  <div data-colibri-component=\"section\" data-colibri-id=\"1172-c18\" id=\"reusable-sections\" class=\"h-section h-section-global-spacing d-flex align-items-lg-center align-items-md-center align-items-center style-2176 style-local-1172-c18 position-relative\">\n    <div class=\"background-wrapper\">\n      <div class=\"background-layer background-layer-media-container-lg\">\n        <!---->\n      <\/div>\n      <div class=\"background-layer background-layer-media-container-md\">\n        <!---->\n        <div class=\"overlay-layer\">\n          <div class=\"overlay-image-layer\" style=\"background-color: rgb(39, 71, 125); opacity: 0.5;\"><\/div>\n        <\/div>\n      <\/div>\n      <div class=\"background-layer background-layer-media-container\">\n        <!---->\n        <div class=\"overlay-layer\">\n          <div class=\"overlay-image-layer\" style=\"background-color: rgb(39, 71, 125); opacity: 0.5;\"><\/div>\n        <\/div>\n      <\/div>\n    <\/div>\n    <!---->\n    <div class=\"h-section-grid-container h-section-boxed-container\">\n      <!---->\n      <div data-colibri-id=\"1172-c19\" class=\"h-row-container gutters-row-lg-2 gutters-row-md-2 gutters-row-0 gutters-row-v-lg-2 gutters-row-v-md-2 gutters-row-v-2 style-2177 style-local-1172-c19 position-relative\">\n        <!---->\n        <div class=\"h-row justify-content-lg-center justify-content-md-center justify-content-center align-items-lg-stretch align-items-md-stretch align-items-stretch gutters-col-lg-2 gutters-col-md-2 gutters-col-0 gutters-col-v-lg-2 gutters-col-v-md-2 gutters-col-v-2\">\n          <!---->\n          <div class=\"h-column h-column-container d-flex h-col-lg-auto h-col-md-auto h-col-auto style-2178-outer style-local-1172-c20-outer\">\n            <div data-colibri-id=\"1172-c20\" class=\"d-flex h-flex-basis h-column__inner h-px-lg-2 h-px-md-2 h-px-2 v-inner-lg-2 v-inner-md-2 v-inner-2 style-2178 style-local-1172-c20 position-relative\">\n              <!---->\n              <!---->\n              <div class=\"w-100 h-y-container h-column__content h-column__v-align flex-basis-100 align-self-lg-start align-self-md-start align-self-start\">\n                <!---->\n                <div data-colibri-id=\"1172-c22\" class=\"h-global-transition-all h-heading style-2180 style-local-1172-c22 position-relative h-element\">\n                  <!---->\n                  <div class=\"h-heading__outer style-2180 style-local-1172-c22\">\n                    <!---->\n                    <!---->\n                    <h1 class=\"\">Osmedica<\/h1>\n                  <\/div>\n                <\/div>\n              <\/div>\n            <\/div>\n          <\/div>\n        <\/div>\n      <\/div>\n    <\/div>\n  <\/div>\n  <div data-colibri-component=\"section\" data-colibri-id=\"1172-c2\" id=\"custom\" class=\"h-section h-section-global-spacing d-flex align-items-lg-center align-items-md-center align-items-center style-1278 style-local-1172-c2 position-relative\">\n    <!---->\n    <!---->\n    <div class=\"h-section-grid-container h-section-boxed-container\">\n      <!---->\n      <div data-colibri-id=\"1172-c3\" class=\"h-row-container gutters-row-lg-2 gutters-row-md-2 gutters-row-0 gutters-row-v-lg-2 gutters-row-v-md-2 gutters-row-v-2 style-1279 style-local-1172-c3 position-relative\">\n        <!---->\n        <div class=\"h-row justify-content-lg-center justify-content-md-center justify-content-center align-items-lg-stretch align-items-md-stretch align-items-stretch gutters-col-lg-2 gutters-col-md-2 gutters-col-0 gutters-col-v-lg-2 gutters-col-v-md-2 gutters-col-v-2\">\n          <!---->\n          <div class=\"h-column h-column-container d-flex h-col-lg-auto h-col-md-auto h-col-auto style-1280-outer style-local-1172-c4-outer\">\n            <div data-colibri-id=\"1172-c4\" class=\"d-flex h-flex-basis h-column__inner h-px-lg-2 h-px-md-2 h-px-2 v-inner-lg-2 v-inner-md-2 v-inner-2 style-1280 style-local-1172-c4 position-relative\">\n              <!---->\n              <!---->\n              <div class=\"w-100 h-y-container h-column__content h-column__v-align flex-basis-100 align-self-lg-center align-self-md-center align-self-center\">\n                <!---->\n                <div data-colibri-id=\"1172-c5\" class=\"d-block style-1282 style-local-1172-c5 position-relative h-element\">\n                  <!---->\n                  <div class=\"h-image__frame-container-outer\">\n                    <div class=\"h-image__frame-container\">\n                      <!---->\n                      <!---->\n                      <img loading=\"lazy\" decoding=\"async\" width=\"454\" height=\"977\" src=\"https:\/\/www.cemep.com.ar\/clinica\/wp-content\/uploads\/2022\/10\/mapa-arg.png\" class=\"wp-image-1249 style-1282-image style-local-1172-c5-image\" alt=\"\" srcset=\"https:\/\/www.cemep.com.ar\/clinica\/wp-content\/uploads\/2022\/10\/mapa-arg.png 454w, https:\/\/www.cemep.com.ar\/clinica\/wp-content\/uploads\/2022\/10\/mapa-arg-139x300.png 139w\" sizes=\"auto, (max-width: 454px) 100vw, 454px\" \/>\n                      <div class=\"h-image__frame h-hide-lg h-hide-md h-hide-sm style-1282-frameImage style-local-1172-c5-frameImage\"><\/div>\n                    <\/div>\n                  <\/div>\n                <\/div>\n              <\/div>\n            <\/div>\n          <\/div>\n          <div class=\"h-column h-column-container d-flex h-col-lg-auto h-col-md-auto h-col-auto style-1281-outer style-local-1172-c6-outer\">\n            <div data-colibri-id=\"1172-c6\" class=\"d-flex h-flex-basis h-column__inner h-px-lg-2 h-px-md-2 h-px-2 v-inner-lg-2 v-inner-md-2 v-inner-2 style-1281 style-local-1172-c6 position-relative\">\n              <!---->\n              <!---->\n              <div class=\"w-100 h-y-container h-column__content h-column__v-align flex-basis-100 align-self-lg-center align-self-md-center align-self-center\">\n                <!---->\n                <div data-colibri-id=\"1172-c7\" class=\"h-global-transition-all h-heading style-1283 style-local-1172-c7 position-relative h-element\">\n                  <!---->\n                  <div class=\"h-heading__outer style-1283 style-local-1172-c7\">\n                    <!---->\n                    <!---->\n                    <h4 class=\"\">Obra social de los M\u00e9dicos CEMEP su plan a medida esta a su alcance<\/h4>\n                  <\/div>\n                <\/div>\n                <div data-colibri-id=\"1172-c8\" class=\"h-text h-text-component style-1284 style-local-1172-c8 position-relative h-element\">\n                  <!---->\n                  <!---->\n                  <div class=\"\">\n                    <p>En los tiempos que nos toca vivir, nuestra salud necesita de un cuidado especial por esta raz\u00f3n hoy CEMEP le ofrece una innovadora combinaci\u00f3n de respaldo trayectoria y seguridad que juntas le brindan la tranquilidad que usted merece.<\/p>\n                    <p>Para m\u00e1s informaci\u00f3n sobre nuestros planes consulte en las instalaciones CEMEP direcci\u00f3n VENEZUELA 986 de lunes a viernes de 10 a 16 hs.<\/p>\n                    <p>De esta forma estaremos reafirmando nuestro compromiso de excelencia en la atenci\u00f3n de la salud.\n                      <br>Siendo nuestro principal objetivo estar cuando mas nos necesite y comprometernos a seguir formando parte de su vida con los nuevos planes de salud hoy a su disposici\u00f3n.<\/p>\n                  <\/div>\n                <\/div>\n              <\/div>\n            <\/div>\n          <\/div>\n        <\/div>\n      <\/div>\n    <\/div>\n  <\/div>\n  <div data-colibri-component=\"section\" data-colibri-id=\"1172-c9\" id=\"custom-2\" class=\"h-section h-section-global-spacing d-flex align-items-lg-center align-items-md-center align-items-center style-1289 style-local-1172-c9 position-relative\">\n    <!---->\n    <!---->\n    <div class=\"h-section-grid-container h-section-boxed-container\">\n      <!---->\n      <div data-colibri-id=\"1172-c10\" class=\"h-row-container gutters-row-lg-2 gutters-row-md-2 gutters-row-0 gutters-row-v-lg-2 gutters-row-v-md-2 gutters-row-v-2 style-1293 style-local-1172-c10 position-relative\">\n        <!---->\n        <div class=\"h-row justify-content-lg-center justify-content-md-center justify-content-center align-items-lg-stretch align-items-md-stretch align-items-stretch gutters-col-lg-2 gutters-col-md-2 gutters-col-0 gutters-col-v-lg-2 gutters-col-v-md-2 gutters-col-v-2\">\n          <!---->\n          <div class=\"h-column h-column-container d-flex h-col-lg-auto h-col-md-auto h-col-auto style-1294-outer style-local-1172-c11-outer\">\n            <div data-colibri-id=\"1172-c11\" class=\"d-flex h-flex-basis h-column__inner h-px-lg-2 h-px-md-2 h-px-2 v-inner-lg-2 v-inner-md-2 v-inner-2 style-1294 style-local-1172-c11 position-relative\">\n              <!---->\n              <!---->\n              <div class=\"w-100 h-y-container h-column__content h-column__v-align flex-basis-100 align-self-lg-start align-self-md-start align-self-start\">\n                <!---->\n                <div data-colibri-id=\"1172-c12\" class=\"h-global-transition-all h-heading style-1295 style-local-1172-c12 position-relative h-element\">\n                  <!---->\n                  <div class=\"h-heading__outer style-1295 style-local-1172-c12\">\n                    <!---->\n                    <!---->\n                    <h2 class=\"\">Delegaciones<\/h2>\n                  <\/div>\n                <\/div>\n              <\/div>\n            <\/div>\n          <\/div>\n        <\/div>\n      <\/div>\n      <div data-colibri-id=\"1172-c13\" class=\"h-row-container gutters-row-lg-2 gutters-row-md-2 gutters-row-0 gutters-row-v-lg-2 gutters-row-v-md-2 gutters-row-v-2 style-1290 style-local-1172-c13 position-relative\">\n        <!---->\n        <div class=\"h-row justify-content-lg-center justify-content-md-center justify-content-center align-items-lg-stretch align-items-md-stretch align-items-stretch gutters-col-lg-2 gutters-col-md-2 gutters-col-0 gutters-col-v-lg-2 gutters-col-v-md-2 gutters-col-v-2\">\n          <!---->\n          <div class=\"h-column h-column-container d-flex h-col-lg-auto h-col-md-auto h-col-auto style-1291-outer style-local-1172-c14-outer\">\n            <div data-colibri-id=\"1172-c14\" class=\"d-flex h-flex-basis h-column__inner h-px-lg-2 h-px-md-2 h-px-2 v-inner-lg-2 v-inner-md-2 v-inner-2 style-1291 style-local-1172-c14 position-relative\">\n              <!---->\n              <!---->\n              <div class=\"w-100 h-y-container h-column__content h-column__v-align flex-basis-100 align-self-lg-start align-self-md-start align-self-start\">\n                <!---->\n                <div data-colibri-id=\"1172-c15\" class=\"h-text h-text-component style-1296 style-local-1172-c15 position-relative h-element\">\n                  <!---->\n                  <!---->\n                  <div class=\"\">\n                    <p><strong style=\"font-weight: 700; color: rgb(60, 60, 60);\">\u2022 BUENOS AIRES MAR DEL PLATA:<\/strong> San Luis 1978. Tel.: (0223) 499-8000<\/p>\n                    <p><strong style=\"font-weight: 700; color: rgb(60, 60, 60);\">\u2022 CATAMARCA:<\/strong> Av. Hip\u00f3lito Irigoyen 1233. Tel.: (03833) 434907\/435107<\/p>\n                    <p><strong style=\"color: rgb(60, 60, 60); font-weight: 700;\">\u2022 CORDOBA CAPITAL:<\/strong> 9 de Julio 611. Tel.: 0351- 4236667<\/p>\n                    <p><strong style=\"font-weight: 700; color: rgb(60, 60, 60);\">\u2022 RIO CUARTO:<\/strong> 25 de Mayo 399. Tel: 0358-4642024<\/p>\n                    <p><strong style=\"color: rgb(60, 60, 60); font-weight: 700;\">\u2022 CORRIENTES CAPITAL:<\/strong> Jun\u00edn 766. Tel: (03783) 435945<\/p>\n                    <p><strong style=\"font-weight: 700; color: rgb(60, 60, 60);\">\u2022 DEL ALTO URUGUAY:<\/strong> Pasaje Beltr\u00e1n 448. Santo Tom\u00e9. Tel: (03756) 420378<\/p>\n                    <p><strong style=\"font-weight: 700; color: rgb(60, 60, 60);\">\u2022 DELEGACION DEL SUR:<\/strong> El Maestro 448. Monte Caseros. Tel: (03775) 422213<\/p>\n                    <p><strong style=\"font-weight: 700; color: rgb(60, 60, 60);\">\u2022 DELEGACION PARANA:<\/strong> Ca\u00e1 Guaz\u00fa 1242. Goya. Tel: (03777) 421599<\/p>\n                    <p><strong style=\"font-weight: 700; color: rgb(60, 60, 60);\">\u2022 CHACO \u2013 RESISTENCIA:<\/strong> Julio A. Roca 565. Tel.: (03722) 422067\/422245<\/p>\n                    <p><strong style=\"font-weight: 700; color: rgb(60, 60, 60);\">\u2022 CHUBUT \u2013 PUERTO MADRYN:<\/strong> Mosconi 187. Tel.: (02965) 456677<\/p>\n                    <p><strong style=\"font-weight: 700; color: rgb(60, 60, 60);\">\u2022 ENTRE RIOS \u2013 PARANA:<\/strong> 9 de Julio 362. Tel: 0343-4232521<\/p>\n                    <p><strong style=\"color: rgb(60, 60, 60); font-weight: 700;\">\u2022 JUJUY \u2013 CAPITAL:<\/strong> Guemes 1277. Tel.:0388-4231629<\/p>\n                    <p><strong style=\"font-weight: 700; color: rgb(60, 60, 60);\">\u2022 LA PAMPA \u2013 SANTA ROSA:<\/strong> Av. San Mart\u00edn 655. Tel: 02954\u2013456860<\/p>\n                    <p><span style=\"font-weight: 700; color: rgb(60, 60, 60);\">\u2022 LA RIOJA \u2013 CAPITAL:<\/span> Juan F. Quiroga 25. Tel: 03822-460324<\/p>\n                    <p><span style=\"font-weight: 700; color: rgb(60, 60, 60);\">\u2022 MENDOZA CAPITAL:<\/span> Olegario V. Andrade 496 1\u00b0 Piso Tel:(0261) 4286844<\/p>\n                    <p><span style=\"font-weight: 700; color: rgb(60, 60, 60);\">\u2022 SAN RAFAEL:<\/span> Santa Fe 174. Tel: (02627) 422822<\/p>\n                    <p><span style=\"font-weight: 700; font-size: 14px; font-family: Lato; color: rgb(60, 60, 60);\">\u2022 SAN MARTIN:<\/span><span style=\"font-weight: 400; font-size: 14px; font-family: Lato; color: rgb(114, 114, 114);\"> Avellaneda 321. Tel: (02623) 421992<\/span><\/p>\n                  <\/div>\n                <\/div>\n              <\/div>\n            <\/div>\n          <\/div>\n          <div class=\"h-column h-column-container d-flex h-col-lg-auto h-col-md-auto h-col-auto style-1292-outer style-local-1172-c16-outer\">\n            <div data-colibri-id=\"1172-c16\" class=\"d-flex h-flex-basis h-column__inner h-px-lg-2 h-px-md-2 h-px-2 v-inner-lg-2 v-inner-md-2 v-inner-2 style-1292 style-local-1172-c16 position-relative\">\n              <!---->\n              <!---->\n              <div class=\"w-100 h-y-container h-column__content h-column__v-align flex-basis-100 align-self-lg-start align-self-md-start align-self-start\">\n                <!---->\n                <div data-colibri-id=\"1172-c17\" class=\"h-text h-text-component style-1296 style-local-1172-c17 position-relative h-element\">\n                  <!---->\n                  <!---->\n                  <div class=\"\">\n                    <p><span style=\"font-weight: 700; color: rgb(60, 60, 60);\">\u2022 MISIONES \u2013 CAPITAL POSADAS:<\/span> Rivadavia 1969. Tel.: (03752) 440044<\/p>\n                    <p><span style=\"font-weight: 700; color: rgb(60, 60, 60);\">\u2022 NEUQUEN \u2013 RIO NEGRO:<\/span> Diagonal Espa\u00f1a 114 esquina. Bs. As. Tel.: (0299) 4472900<\/p>\n                    <p><span style=\"font-weight: 700; color: rgb(60, 60, 60);\">\u2022 RIO NEGRO \u2013 BARILOCHE:<\/span> Av. \u00c1ngel Gallardo 1334 PB .Tel.: (02944) 427676<\/p>\n                    <p><span style=\"font-weight: 700; color: rgb(60, 60, 60);\">\u2022 SALTA \u2013 CAPITAL:<\/span> Facundo de Zuvir\u00eda 333 Piso 3 Dto. C . Tel: 0387-4312275 al 78<\/p>\n                    <p><span style=\"font-weight: 700; color: rgb(60, 60, 60);\">\u2022 SAN LUIS CAPITAL:<\/span> Col\u00f3n 1341. Tel: 02652-441189<\/p>\n                    <p><span style=\"font-weight: 700; color: rgb(60, 60, 60);\">\u2022 VILLA MERCEDES:<\/span> Edison 109.Tel.: (02657) 427118<\/p>\n                    <p><span style=\"font-weight: 700; color: rgb(60, 60, 60);\">\u2022 SANTA F\u00c9 \u2013 VILLA CONSTITUCI\u00d3N:<\/span> Eva Per\u00f3n 354. Tel: (03465) 470480<\/p>\n                    <p><span style=\"font-weight: 700; color: rgb(60, 60, 60);\">\u2022 GALVEZ:<\/span> Bartolom\u00e9 Mitre 357. Tel: (03404) 482402<\/p>\n                    <p><span style=\"font-weight: 700; color: rgb(60, 60, 60);\">\u2022 RAFAELA:<\/span> Av. Mitre 111. Tel: (03492) 501501\/501500<\/p>\n                    <p><span style=\"font-weight: 700; color: rgb(60, 60, 60);\">\u2022 RECONQUISTA:<\/span> Iriondo 980. Tel: (03482) 429427\/422089<\/p>\n                    <p><span style=\"font-weight: 700; color: rgb(60, 60, 60);\">\u2022 VENADO TUERTO:<\/span> Pellegrini 960. Tel: (03462) 428488<\/p>\n                    <p><span style=\"font-weight: 700; color: rgb(60, 60, 60);\">\u2022 ESPERANZA \u2013 DEPARTAMENTO LAS COLONIAS:<\/span> 3 de Febrero 1382. Tel: (03496) 420894<\/p>\n                    <p><span style=\"font-weight: 700; color: rgb(60, 60, 60);\">\u2022 SANTIAGO DEL ESTERO \u2013 CAPITAL: <\/span>Av.Belgrano 1028\/1030.Tel: (0385)4014040<\/p>\n                    <p><span style=\"font-weight: 700; color: rgb(60, 60, 60);\">\u2022 SAN JUAN \u2013 CAPITAL:<\/span> Laprida 292 (Oeste) Esquina Catamarca. Tel: (0264) 4220654<\/p>\n                    <p><span style=\"font-weight: 700; color: rgb(60, 60, 60);\">\u2022 TIERRA DEL FUEGO \u2013 RIO GRANDE:<\/span> 20 de Junio 815. Tel: (02964) 432470<\/p>\n                    <p><span style=\"font-weight: 700; color: rgb(60, 60, 60);\">\u2022 TUCUMAN \u2013 SAN MIGUEL DE TUCUM\u00c1N:<\/span> 9 de Julio 355. Tel: (0381) 4307444<\/p>\n                  <\/div>\n                <\/div>\n              <\/div>\n            <\/div>\n          <\/div>\n        <\/div>\n      <\/div>\n    <\/div>\n  <\/div>\n<\/div>","protected":false},"excerpt":{"rendered":"<p>Osmedica Obra social de los M\u00e9dicos CEMEP su plan a medida esta a su alcance En los tiempos que nos toca vivir, nuestra salud necesita de un cuidado especial por esta raz\u00f3n hoy CEMEP le ofrece una innovadora combinaci\u00f3n de respaldo trayectoria y seguridad que juntas le brindan la tranquilidad que usted merece. Para m\u00e1s [&hellip;]<\/p>\n","protected":false},"author":1,"featured_media":0,"parent":0,"menu_order":0,"comment_status":"closed","ping_status":"closed","template":"page-templates\/full-width-page.php","meta":{"footnotes":""},"class_list":["post-1172","page","type-page","status-publish","hentry"],"_links":{"self":[{"href":"https:\/\/www.cemep.com.ar\/clinica\/wp-json\/wp\/v2\/pages\/1172","targetHints":{"allow":["GET"]}}],"collection":[{"href":"https:\/\/www.cemep.com.ar\/clinica\/wp-json\/wp\/v2\/pages"}],"about":[{"href":"https:\/\/www.cemep.com.ar\/clinica\/wp-json\/wp\/v2\/types\/page"}],"author":[{"embeddable":true,"href":"https:\/\/www.cemep.com.ar\/clinica\/wp-json\/wp\/v2\/users\/1"}],"replies":[{"embeddable":true,"href":"https:\/\/www.cemep.com.ar\/clinica\/wp-json\/wp\/v2\/comments?post=1172"}],"version-history":[{"count":10,"href":"https:\/\/www.cemep.com.ar\/clinica\/wp-json\/wp\/v2\/pages\/1172\/revisions"}],"predecessor-version":[{"id":2935,"href":"https:\/\/www.cemep.com.ar\/clinica\/wp-json\/wp\/v2\/pages\/1172\/revisions\/2935"}],"wp:attachment":[{"href":"https:\/\/www.cemep.com.ar\/clinica\/wp-json\/wp\/v2\/media?parent=1172"}],"curies":[{"name":"wp","href":"https:\/\/api.w.org\/{rel}","templated":true}]}}